**5/60 + n**4/24 + n**3/2 + 3*n**2 - 4. Let r be 0/((1 - 3) + 0). Calculate z(r).
3
Let k(d) = -4*d**2 - 10*d + 2. Let x(l) be the second derivative of l**4/12 + l**3/6 - 3*l + 4. Let o(z) = -k(z) - 3*x(z). What is o(-7)?
-2
Let f(d) = -3*d**2 + 10*d + 3. Let g(y) be the second derivative of -y**4/6 + 7*y**3/6 + y**2 + 5*y. Let p(m) = -5*f(m) + 7*g(m). Give p(-3).
11
Let y(o) = o**2 - o + 10. Let f = 9 + -8. Let v be 0/(f + 0/5). Determine y(v).
10
Let g(j) = j**3 - 4*j**2 - 4*j - 7. Suppose -3*c + 12 = -2*c. Let b be 15/(-2) + 7/14. Let o = b + c. Determine g(o).
-2
Let f(u) = -39*u + 68*u - 2*u**2 - 27*u + 1. Give f(2).
-3
Let r(g) = -4*g**2 + g + 2. Let d be r(-1). Let t(a) = a**2 - a - 2*a**2 + 2 - a. Calculate t(d).
-1
Let o be (18/2 + -12)/(2/2). Let b(k) = -k**2 - 3*k - 1. Determine b(o).
-1
Let d = -108 - -118. Let w(o) = d + 13*o - 14*o + 2*o. Calculate w(-9).
1
Let r(p) = -722 + 0*p**3 - p**3 + 730 + 9*p**2. Calculate r(8).
72
Let m(o) = 3*o**2 - 4*o + 2. Let q(i) = 5*i - 4. Let n be q(2). Suppose n*v = 4*v - 28. Let p be 4/5*(-35)/v. Give m(p).
6
Let o = -11 - -13. Let f(t) = 2*t**2 - 5*t + 3*t + 0*t**o + 3*t + 1 + t**3. Calculate f(2).
19
Let s be (0 - 1/2) + (-26)/(-4). Suppose -4*m + s*m = 0. Let j(w) = -w**3 + w - 5. What is j(m)?
-5
Suppose 7 = 2*s + 3. Let g(t) = -4*t + 6*t + 69*t**2 - 72*t**s + t**3 + 3. Calculate g(3).
9
Let f(q) = q**2 + 7*q - 2. Let x(v) = 57*v - 293. Let p be x(5). Give f(p).
6
Let g(a) be the second derivative of -a**5/20 - a**4/3 + a**3/2 - 5*a**2 - 26*a + 2. Give g(-5).
0
Let o(m) = m**2 + m - 3. Let n(k) = -k**3 + 28*k**2 - 32*k - 16. Let f(t) = -n(t) - 3*o(t). Give f(30).
-5
Let f(g) = -g**2. Suppose 3*r = -31*y + 30*y + 29, 2*r = -y + 25. Let m(a) = -a**3 + 18*a**2 - 20 - 12*a - 13*a + 9*a. Let o be m(y). Determine f(o).
-9
Let u be ((-25)/30 + (-2)/(-6))*-6. Let z(y) = 19 - 7*y**2 - y - y**u + 0*y**3 - 10. What is z(-7)?
16
Let s(o) = -3*o + 4. Suppose -4*x - 2*q - 12 = 0, 5 - 16 = -x - 4*q. What is s(x)?
19
Suppose 0 = w + 5*v - 1, 3*w + 42 - 35 = -5*v. Let f(s) be the third derivative of -s**4/8 - s**3/3 - s**2. Determine f(w).
10
Let o(s) = -19*s**2 + 17*s + 20. Let t(h) = -41*h**2 + 35*h + 43. Let f(j) = -13*o(j) + 6*t(j). Let k = 8 + 2. Calculate f(k).
-12
Let s(z) = -7*z - 11 + 16 - 2*z**2 - z**3 + 7*z**2. Suppose -4*q + 2*q - 2 = 2*k, q = k + 9. What is s(q)?
-7
Let v be 864/(-756) + 1/7 + 0. Let a(n) = -3*n**3 - 2*n**2 - 4*n - 3. Give a(v).
2
Suppose 30 = 59*t - 53*t. Let x(n) = n**3 - 7*n**2 + 7*n - 3. Give x(t).
-18
Let d(h) = -h**3 + 5*h**2 - 4*h + 3. Suppose -3*y = -119 - 97. Let a = y - 69. Determine d(a).
9
Let v = -25 + 29. Suppose 4 = v*a - 0. Let y(x) = 6*x**3 - 1 - 5*x**2 + 6*x**2 + 0*x**2. Give y(a).
6
Let v(q) = q**3 + 4*q**2 + 3*q - 3. Suppose 3*d = 2*r - 3, 2*r = -4*d - 7 - 11. Let t be v(d). Let b(j) = -j**3 - 3*j**2 - j. Determine b(t).
3
Let u(p) = -2*p. Let i(t) be the third derivative of -t**4/8 - t**2. Let v(m) = 4*i(m) - 7*u(m). Let b be (-6)/45 + 186/45. Give v(b).
8
Suppose -17 = 5*t - 3*o, -2*t + 7*o = 9*o - 6. Let k(r) = 8*r + 4. What is k(t)?
-4
Let b(x) = x**2 - 5*x. Let n be ((-7)/2 + 3)*(-57 - 1). Let o = 33 - n. Give b(o).
-4
Let t be (-8)/(-12)*27/2. Let o(l) = 2*l**2 - 12*l - 8. Give o(t).
46
Let s(d) be the second derivative of -d**5/120 - 5*d**4/24 - 19*d**3/3 + 34*d. Let k(l) be the second derivative of s(l). Calculate k(-5).
0
Let b(g) = -3*g - 3. Let f(n) = -34*n + 474. Let v be f(14). Determine b(v).
3
Let u(s) = -s**2 - 5*s. Suppose 4*g + 3*b = -0 - 3, 4*g = -b - 1. Suppose 2 = -4*z + 14. Suppose 13 = -5*w + 3*w + 3*y, z*y - 3 = g. What is u(w)?
0
Let c(x) be the third derivative of -x**5/40 - 3*x**3/2 - 15*x**2. Let o(b) be the first derivative of c(b). Let j = 4 + -5. What is o(j)?
3
Suppose 0 = -2*k - 35*k. Let g(h) = h**2 - 2*h + 10. Give g(k).
10
Let w(q) = 3*q**2 - 2. Let v(l) = 7*l**2 + 4*l - 6. Let g(u) = -v(u) + w(u). What is g(3)?
-44
Let n(a) = 2*a**2 - 53*a - 40. Let v be n(27). Let d(q) = -q**2 - 11*q + 3. Calculate d(v).
-23
Let r(f) = f**2 + 9*f + 1. Let t be r(-9). Let w(u) = 2*u + 1. Let i(d) = -d**2 - d. Let h(o) = t*w(o) + i(o). Suppose 0 = -0*v + v. What is h(v)?
1
Let f(x) = 1 - 3*x + 0*x + x + x + 1. Calculate f(7).
-5
Let v(g) = 2*g - 3. Let d(m) = 4 + 3*m - 8 - 5 - 6. Let z be d(4). Give v(z).
-9
Suppose 0 = -2*z - 5*s + 4*s - 5, s = 3*z - 5. Suppose y + 0*y = z. Suppose 5*r - 10*r - 25 = y. Let v(f) = -2*f - 6. What is v(r)?
4
Let d(r) = -r**2 - 7*r - 3. Let j(n) = n**3 - n**2 - n - 1. Let p(u) = -3*u**3 + 3*u**2 + 7*u - 1. Let w(v) = 4*j(v) + p(v). Let k be w(0). Determine d(k).
7
Let i(j) = 2*j**2 + 7*j - 1. Let x(w) = 2*w**3 - 24*w**2 - 24*w - 29. Let q be x(13). Give i(q).
-4
Let t = -16 + 45. Let c(z) = -2 - 19*z + z**2 - t*z + 72*z - 20*z. Give c(-4).
-2
Suppose -y + 6 = -6*y + x, 3*x - 4 = y. Let u = y + -3. Let c(p) = 5*p - 5. Let v(i) = -i + 1. Let b(z) = c(z) + 6*v(z). Calculate b(u).
5
Let q(v) = -9 - 398*v + 403*v + 9. What is q(1)?
5
Let a(y) = y**2 - 19*y - 18. Let o be a(20). Let b(n) = -o*n + n - 2*n + 6*n. Calculate b(-1).
-3
Let i(z) = z**2 + 14*z + 1. Suppose 0 = 5*d + 47 + 18. What is i(d)?
-12
Let w(c) = -c**2 - 21*c + 346. Let z be w(11). Let b(x) = x**2 + 2*x - 20. What is b(z)?
4
Let d(i) be the second derivative of i**5/20 - 7*i**2/2 + i. Let b be (2 - 2 - 5)*-1. Suppose 6*z = b*z. What is d(z)?
-7
Let k(w) be the third derivative of -7/60*w**5 + 7/6*w**3 + 0*w - 7*w**2 - 1/120*w**6 - 1/6*w**4 + 0. Give k(-6).
-5
Let p(z) be the third derivative of -z**5/60 - z**4/12 - z**3/6 + 2*z**2. Suppose -139*g - 2 = -137*g. Determine p(g).
0
Let o(q) = -5*q**2 - 44*q + 44*q + 1. Let z = 14 + -13. Determine o(z).
-4
Let n(w) = -9 - 5 - 12 + w + 15. Determine n(15).
4
Let b(c) be the first derivative of c**2/2 - 2*c - 1. Let x = -747 - -754. What is b(x)?
5
Suppose 2*b - 3 + 9 = -4*s, 0 = -b - 3*s - 6. Let d(o) = 4*o - 9. Give d(b).
3
Let m(q) = q**3 + 4*q**2 + 2*q + 3. Let s(k) = -k**3 - 4*k**2 - 3. Let i(t) = 3*m(t) + 4*s(t). Calculate i(-5).
-8
Suppose -9*u = 10*u - 57. Let c(a) = -a**3 + 3*a**2 - 1. Give c(u).
-1
Let n(h) = -5*h**2 - 14*h + 18. Let a(f) = -2*f**2 - 4*f + 6. Let i(w) = -8*a(w) + 3*n(w). Give i(10).
6
Let c be 32 + -6*(-8)/(-12). Let l(y) = -3*y - y**2 - 25 + c - 3*y + y. Give l(-6).
-3
Let j(v) = v + 17. Suppose -139*o - 225 = -124*o. Calculate j(o).
2
Let s(d) = -6*d**2 + 1. Let u(x) = -7*x**2 + x + 1. Let p(q) = -6*s(q) + 5*u(q). Let k = 1 - 7. Calculate p(k).
5
Let x(t) = 9*t**2 + 14*t - 2. Let n(f) = -4*f**2 - 6*f + 1. Let o(h) = -7*n(h) - 3*x(h). Determine o(1).
0
Let m(h) be the second derivative of -h**5/20 + h**4/6 + 2*h**3/3 + h**2/2 - 410*h. Determine m(3).
4
Let y(z) = z**3 + z**2 + 2. Let r(a) = -5*a**2 - 120*a + 2. Let s be r(-24). Calculate y(s).
14
Let i be 2 - (4 - 0/((-9)/3)). Let t = -4 + 6. Let v(p) = 2*p + 1 + 5*p + 0 + t*p. What is v(i)?
-17
Let s(w) = -w - 67. Let n be s(-65). Let z(f) = -2*f**3 + 3*f**2 + f - 1. Give z(n).
25
Let q be 1/4 + (-175)/(-20). Let c = q + -11. Let b(y) = y**3 + 9 - 2*y**3 - 8. Give b(c).
9
Let t(k) be the second derivative of k**4/6 - k**3/6 + k**2/2 - 17*k. Determine t(4).
29
Let u be ((-6)/(-4))/((-6)/(-36)). Suppose -z + u = 4. Let f(x) = -x - 1. Let q(n) = 8. Let c(a) = 3*f(a) + q(a). Give c(z).
-10
Suppose -29*v + 129 = 14*v. Let n(m) be the first derivative of -m**4/4 + m**3 - m**2/2 + 3*m + 2. Calculate n(v).
0
Let c(x) be the third derivative of x**6/720 - x**5/60 + x**4/12 - 12*x**2. Let g(a) be the second derivative of c(a). What is g(6)?
4
Let g(y) = -y**3 - 3*y**2 + 3*y + 4. Let m be (147/14 + -3)*4/(-6). Give g(m).
39
Let i(n) be the third derivative of 0*n + 0 + 5/6*n**3 - 8*n**2 - 1/24*n**4. Calculate i(3).
2
Let w(q) = -q. Let n be w(-5). Suppose -2*t - 2*i - 2 = -4*i, -4*i = -n*t - 5. Let r(c) = 13*c**2 - c. What is r(t)?
14
Let k(s) be the third derivative of s**5/60 - s**4/4 + 5*s**3/2 + 601*s**2. Determine k(10).
55
Let h(d) = -4*d**3 + d**2 - d - 1. Let k be h(-1). Let n(g) = 3*g - 5. Let t be n(7). Let b(o) = -t + 3*o + o - o**3 + 29 + 4*o**2 - 15. Determine b(k).
-7
Let g(z) = 8*z**3 - 47*z**2 - 4*z - 10. Let l be g(6). Let v(q) be the second derivative of -q**5/20 + q**4/4 - q**3/2 + q**2 - 3*q. Calculate v(l).
0
Let